4/o)/(4/(-712))?
9
Let p(k) = 7*k**2 + 4*k + 60. Suppose 5*j - c = -30, -j = -44*c + 47*c + 6. What is the tens digit of p(j)?
8
Let m(x) = 42*x**2 - 2*x + 6. Let d = 449 - 454. What is the units digit of m(d)?
6
Let m(q) = -3*q**3 + 23*q**2 + 8*q + 645. What is the units digit of m(-27)?
5
Suppose 5*a + 10712 = z, 2*z + 82*a - 78*a = 21438. What is the hundreds digit of z?
7
Let i(l) = 2 - 21*l**2 - 3*l**3 + 2 + 16*l**2 + 8*l + 0*l. What is the tens digit of i(-3)?
1
Suppose 30 = -8*p + 11*p. Suppose p*c - 492 = 288. What is the tens digit of c?
7
Let z = 33 - -24. Suppose 43 = -2*f - z. What is the units digit of (-7)/(-2) + 0 + 75/f?
2
Let i(l) = 63*l + 4. Let v = -20 + 23. Let g be 2/3 - (60/(-18) + v). What is the tens digit of i(g)?
6
Let f be (-1)/3 - 19/((-570)/160). What is the tens digit of ((-47)/(-4))/(f/(81 - 1))?
8
Let a be -6 - -3 - (0 - 9). Suppose 5*t = a*t - 87. Suppose b + 4*l + t = 2*b, 5 = -5*l. What is the units digit of b?
3
Let y = -10519 - -28150. What is the ten thousands digit of y?
1
Let z(n) = 129*n - 100. Let g be z(6). Suppose -2*m = 4*o - g, -o = 2*o + 15. What is the tens digit of m?
4
Let j be 2*(3/6)/(10/(-70)). What is the tens digit of j/(63/(-3198)) - (-1)/(-3)?
5
Let a(p) = -p**3 + 17*p**2 - p + 11. Let h be a(8). Suppose -8*f - h = -2299. What is the tens digit of f?
1
Suppose 5*y + 2*o = 359455, 9*y - 3*o = 8*y + 71891. What is the thousands digit of y?
1
Let p(c) = -5*c + 14*c**2 - 7*c**2 + 14*c - 1 + c**3. Let h be p(-5). Suppose h*a = -16, 2*l - 5*l = 3*a - 117. What is the tens digit of l?
4
What is the units digit of -7 - -18 - 11 - (-5)/(15/117009)?
3
Suppose 3*i = -198 + 519. Suppose -i*r + 864 = -103*r. What is the tens digit of r?
1
What is the tens digit of (-6)/1 - (-16 + -21501 - -1)?
1
What is the thousands digit of 7464975/385 - ((-81)/33 + 3)?
9
Let z = 8 + 368. Suppose 0 = 3*g - 1478 - z. What is the tens digit of g?
1
Let v(r) = -1500*r**3 + 23*r**2 + 30*r + 90. What is the units digit of v(-3)?
7
Let a(f) = -641*f**3 + 26*f**2 - 7*f - 10. What is the hundreds digit of a(-3)?
5
Suppose 18 - 16 = -2*p. Let b(o) = -106*o**3 - 2*o**2 - o. Let g be b(p). Let c = -62 + g. What is the tens digit of c?
4
What is the tens digit of ((-3)/(-1))/((-6569787)/(-234633) - 28)?
7
Let d be (-2)/6 - 384/144. What is the units digit of (316/(-20) - d)/((-2)/15)?
6
Let q = 56 + -62. What is the units digit of (-140)/(-21) + q + 32/6?
6
Let f = -53 - -57. Suppose -4*h = -w + 128, 458 = f*w - h - 99. What is the units digit of w?
0
Let g(a) = 3*a**2 + 2*a - 1. Let n be g(1). Suppose 63 = -3*q + n*q. What is the units digit of (92/6)/(14/q)?
9
Suppose -h = 2*m + 84 + 392, 0 = -m - 2*h - 232. Suppose -5*l + 192 + 466 = 2*i, -l + 674 = 2*i. Let r = i + m. What is the tens digit of r?
9
Let u(j) = j**3 - 9*j**2 - 22*j - 26. Suppose 0 = 12*a + 14*a - 338. What is the hundreds digit of u(a)?
3
Let j(q) = 4*q**2 + 27*q - 6. Let y(i) = 2*i**2 + 14*i - 3. Let w(b) = -3*j(b) + 5*y(b). What is the units digit of w(-5)?
8
Let y be -20 + 25 - (1 + 18/(-3)). Suppose -y*g = -1399 - 3221. What is the tens digit of g?
6
Suppose -59*j + 639517 + 270440 = 0. What is the hundreds digit of j?
4
Let q(d) = 4*d**3 - 35*d**2 - 45*d + 94. What is the units digit of q(11)?
8
Suppose -34*y + 29718 + 117559 = -39145. What is the thousands digit of y?
5
Let v(p) = 6*p. Suppose 2*k - 7 = -x, 4*k - 4*x = x + 35. Suppose -35 = -2*n - k*b, 0 = 3*n - 5*b - 0*b + 10. What is the units digit of v(n)?
0
Let q = 67595 - 39526. What is the units digit of q?
9
Let m(y) = -11*y + 1184. What is the hundreds digit of m(-71)?
9
Suppose -6*t + t - 20 = 0. Let m be -15*(-24)/36 + -25. What is the tens digit of (t - m)/(1 + 0)?
1
Suppose h - 5*h = -2*r - 14, 1 = -4*h - 3*r. Let i be (70 - 75)*(-234)/5. Suppose u - q + 48 = i, -h*u + 388 = 2*q. What is the units digit of u?
0
Let r(q) = -28*q**3 + 2*q**2 - 8*q - 3. Let d = 176 + -179. What is the units digit of r(d)?
5
Suppose -4857 = -5*o - 2*u, o - 999 = 43*u - 48*u. What is the hundreds digit of o?
9
Let r(j) = j**3 - 2*j**2 - 7*j + 1. Let w be r(4). Suppose 0*v = -w*v + 695. What is the hundreds digit of v?
1
Suppose 2*a + 2*q + 260 = 0, 116 = -a - 3*q - 10. Let j be (-6228)/a - (-2)/(-11). Let z = 65 - j. What is the units digit of z?
8
Suppose 243*u = 287*u - 162668. What is the thousands digit of u?
3
Let z be (46 - 47)*(-1 + 1). Suppose z = 5*h - 3*u - 708, 3*h - 146 = 2*h + 5*u. What is the units digit of h?
1
Suppose 0 = -548*s + 562*s - 92890. What is the hundreds digit of s?
6
What is the hundreds digit of (9165/(-26))/(-47)*(-2076)/(-2)?
7
Let x(b) = b**2 + 33*b - 125. Let h be x(-39). Suppose 7*c - h = 1025. What is the units digit of c?
2
Suppose -2753551 - 431057 = -98*x. What is the ten thousands digit of x?
3
Let t = 94 + -91. Suppose s + 396 = 4*r, -320 = -5*r + t*s + 168. What is the hundreds digit of r?
1
Let x(d) = 17*d**3 - 25*d**2 - 319*d + 3969. What is the tens digit of x(13)?
4
Let w = 13118 - 1182. Suppose 0 = -27*o + 11*o + w. What is the tens digit of o?
4
Let c(a) = 108*a**2 - 51*a + 135. What is the thousands digit of c(-17)?
2
Let j(t) be the second derivative of -31*t**5/60 + t**4/4 + 7*t**3/3 + 6*t. Let p(z) be the second derivative of j(z). What is the units digit of p(-2)?
0
Let p(y) = 2*y**3 - 37*y**2 - 3*y - 77. Suppose -26*h - 120 = -32*h. What is the units digit of p(h)?
3
Let w(p) = p**3 + 37*p**2 - 95*p + 27. Let x = -204 + 165. What is the units digit of w(x)?
0
Let v(o) = -o**3 + 13*o**2 + 16*o - 2. Let s be v(12). Suppose -5*y = -61 - s. Suppose -m = h - y, 0*h = m + 3*h - 75. What is the tens digit of m?
8
Suppose -6*u = -72*u + 311388. What is the units digit of u?
8
Let a = 8950 - 2881. What is the hundreds digit of a?
0
Let y(q) = -q**3 - 6*q**2 + q + 6. Let k(v) = -v**3 - 5*v**2 + 8. Let l(f) = 3*k(f) - 2*y(f). What is the tens digit of l(-4)?
3
Suppose -5*z + 4*h + 7 - 2 = 0, 5*h - 45 = -4*z. Suppose z*v - m = 8695, 3*v - 4*v = -m - 1735. What is the thousands digit of v?
1
Suppose 4*l - 54940 = -13108. Suppose 0 = 9*z + 9*z - l. What is the tens digit of z?
8
Suppose 30 = -5*t + 15, 5*t = -y + 40239. What is the tens digit of y?
5
Let a(g) be the third derivative of g**5/15 - 3*g**4/4 - 35*g**3/2 + 10*g**2. What is the units digit of a(-11)?
7
Let h be (-8)/(-60)*-70*(-1 + -2). Let g be (3 - 2)/1 + 34. Let a = g + h. What is the tens digit of a?
6
Suppose -21 = 5*k - 31. Suppose -4*j = 2*q + k, -5*j = -0*q + 2*q - 3. Let s(p) = -p**3 - 10*p**2 + 5*p + 6. What is the units digit of s(q)?
2
Let r(l) = -l**2 + 12*l + 19. Let d(u) = 2*u + 28. Let w be d(-9). Let x be r(w). Let s = x + 102. What is the tens digit of s?
4
What is the thousands digit of 10/(5 + 5)*27191 + (-8)/(-1)?
7
Let o(v) = -6*v - 37. Let k(x) = -10*x - 71. Let s(n) = 2*k(n) - 5*o(n). What is the units digit of s(10)?
3
Let g(i) = 1. Let w(v) = -6*v**2 - 12*v - 35. Let q(r) = 6*g(r) - w(r). What is the units digit of q(-8)?
9
Let z = 3383 + -288. What is the thousands digit of z?
3
Suppose -33*h = 250*h - 316334 - 71659. What is the hundreds digit of h?
3
Let x(r) = -9*r**2 + 12*r - 10. Let u be x(1). What is the hundreds digit of 1 - -234 - (u - -4)?
2
Suppose 0*p - 34 = -4*o + 2*p, 0 = -o + 3*p + 21. Suppose o*q - 10676 = -11*q. What is the tens digit of q?
2
Let u(p) = 4*p**2 + 236*p - 94. What is the ten thousands digit of u(31)?
1
Let v(f) = f**3 - 11*f**2 - 57*f - 21. Suppose 2*o - 3*l - 42 = -0*l, 0 = 2*o + l - 26. What is the units digit of v(o)?
4
Let c be 10/(-40) - (6099/(-12) - 1). Suppose 5*a = 8116 + c. Suppose -2*z + 531 = 3*l, -5*z + 2*l + a = 407. What is the tens digit of z?
6
What is the tens digit of 3 - 1*-2588 - (-18 - -21)?
8
Let b(c) = 7*c + 140. Let k be b(-5). Let n be -85 + (-3)/((-6)/(-4)). Let l = n + k. What is the tens digit of l?
1
Let h(s) = 23*s**2 - 34*s + 7. Let j be h(-4). Suppose j = 8*w - 273. What is the units digit of w?
8
What is the units digit of 120/(-25) + 4 + 526304/80?
8
Let b be (-1 - -6)*38/(-38). Let g(f) = 80*f**2 - 81*f - 404. What is the tens digit of g(b)?
0
Let z(l) = 21*l**2 + 10*l - 424. What is the tens digit of z(-16)?
9
Let g(j) = 3337*j - 1996. What is the hundreds digit of g(13)?
3
Let d(h) = -6*h - 5. Let w be d(-7). Su